3*y - 604 = y. Let j = a - y. What is the tens digit of j?
1
Let b(o) = 10*o - 45. Let t be b(8). Suppose -t*k + 37*k = 1800. What is the hundreds digit of k?
9
Suppose 3*j - 8 = 3*x + j, x + 4*j + 12 = 0. Let h be (-1 + 0)*(x + 5). What is the tens digit of (-3 - 10)*5/h?
6
Let k = -69486 - -102087. What is the units digit of k?
1
Suppose 1515841 = 102*f + 512875. What is the thousands digit of f?
9
Suppose 28*a - 264316 = 921876. What is the tens digit of a?
6
What is the units digit of -1 + (0 - 1) + 5 + (37049 - -14)?
6
Let k = -113 - -134. Suppose k*p - 11190 = 675. What is the units digit of p?
5
Let x(a) = a**3 - 8*a**2 + 15*a - 12. Let f be x(6). Suppose -3*u = g + g - 177, 0 = -2*g + f. What is the units digit of (-22)/(-11) - (2 - u)?
7
Let y(p) = -442*p**3 - 3*p**2 - 4*p - 5. Let m(q) = -q**2 - q - 1. Let k(z) = -3*m(z) + y(z). What is the tens digit of k(-1)?
4
Suppose 0 = -14*d + 1287 + 869. Suppose 2*a - g - 203 = 0, 4*g = a + 56 - d. What is the units digit of a?
2
What is the thousands digit of -7 + 9 + 3212 + 6?
3
Suppose 0 = r + 4*y - 413, -y + 1607 = 6*r - 2*r. Let n = 29 + r. What is the hundreds digit of n?
4
Suppose 5*i + 1463 = -3267. Let n be (-33)/55 + i/(-10). Suppose 0 = -8*j + 10*j - n. What is the tens digit of j?
4
Suppose 16*i - 11*i = -25. What is the tens digit of (i - (-55)/10)*222 - -2?
1
Suppose p - 304 - 62 = 0. Suppose -4*w = -w + p. Let x = -35 - w. What is the units digit of x?
7
Let u(l) = 3946*l + 10013. What is the ten thousands digit of u(10)?
4
Let h(c) = 34001*c**3 + c - 1. What is the thousands digit of h(1)?
4
Let i be 9 - 2 - 7368/(-6). Suppose 3107 - i = 6*h. What is the hundreds digit of h?
3
Let m be 79*(-2)/18 - 22/99. Let d(c) = 4*c**2 + 8*c + 9. What is the hundreds digit of d(m)?
2
Let b(d) = d**2 - 5*d + 8. Let a be b(9). Suppose -x = -4*t + 32, 4*t - 3*x - x = a. Suppose 4*u + 18 = t*u. What is the units digit of u?
6
Suppose 5078 + 15631 = 3*m - 26175. What is the hundreds digit of m?
6
Let f = 194 - 181. Let q(h) = -h**3 + 14*h**2 + 7*h + 20. What is the hundreds digit of q(f)?
2
Let w(c) = 41*c + 157. Suppose -4*l - 30 = -x, 3*x - 3*l - 35 = 10. What is the tens digit of w(x)?
6
Suppose 6064 + 12572 = 3*p + 3*i, -3*i = 3. What is the thousands digit of p?
6
Suppose 0 = -12*j - 22 - 50. What is the tens digit of (-2496)/j + 0 - -5?
2
Let w(d) = 6*d**2 + 89*d - 13. Let x be w(-15). What is the units digit of 146370/385 - x/11?
0
Let a be (-83 - (-1 - 0))/((-4)/22). Let z = -87 + a. What is the units digit of z?
4
Suppose -5*t = 5*c - 45, -12 = -t - 2*c - 4. Suppose 1625 = t*l - 5*l. What is the hundreds digit of l?
3
Let d(u) be the first derivative of -9*u + 1/3*u**3 - 2*u**2 + 7. What is the units digit of d(6)?
3
Suppose -28*c = -23*c. Let g be (c + -1)/(-1)*-10. Let o(d) = d**3 + 11*d**2 + 2*d + 1. What is the tens digit of o(g)?
8
Let d(n) = n**3 + 30*n**2 + 53*n - 64. Let y be d(-28). Suppose 25*a = y*a + 1300. What is the units digit of a?
0
Let w be (0 - (-1 + 1)) + -33*2. Let m = 68 + w. Suppose 5*a - 2*b - 745 = 0, m*a - 5*b - 428 = -a. What is the units digit of a?
1
Let g(i) = -i**3 + 19*i**2 + 41*i - 304. Let n be g(20). Suppose -6*v - 98 = -4*v. Let m = n - v. What is the units digit of m?
5
Let d = 3845 - 2721. Suppose -3*a + d = a - 4*j, 5*j + 15 = 0. What is the tens digit of a?
7
What is the units digit of 5/(10/9144) + (-146 - -150)?
6
Let b(t) = -45*t - 48. Let p be b(8). Let v = -78 - p. What is the units digit of v?
0
Let a(d) = -2579*d + 3551. What is the thousands digit of a(-11)?
1
Suppose 3*w = -4*r + 2772, 0 = -4*w + 4*r + 1930 + 1794. Suppose 3*a = 812 + w. What is the tens digit of a?
8
Let j be 9 - 3 - 3 - 1. Suppose 4*w + j*f + 2*f - 656 = 0, -4*w - 5*f + 654 = 0. Suppose 0 = -v + 47 + w. What is the units digit of v?
3
Let k be (10 - 11)/((-2)/32). Let a be 0/k + (3 - 1). Suppose 13 = w - a. What is the tens digit of w?
1
Let h = -4438 + 11366. What is the thousands digit of h?
6
Let s = -50 - -55. Suppose -19 = -3*x - 4*f, 2*x = -2*f + 7 + s. Let o = x - -1. What is the units digit of o?
6
Suppose -22*k = 34*k - 3*k - 497988. What is the thousands digit of k?
9
Suppose -18*k + 44745 + 24609 = 0. What is the tens digit of k?
5
Let i = -99 - -187. Let b = 767 + i. What is the units digit of b?
5
What is the tens digit of (-37591)/(-4) - (-6)/56*-7?
9
Let p(o) = -6519*o**3 + 4*o**2 - 3*o - 6. What is the units digit of p(-1)?
0
Let g = 27535 + -17389. What is the units digit of g?
6
Let v(w) = -103*w + 2063. What is the tens digit of v(-104)?
7
Let p = -20427 - -31265. What is the ten thousands digit of p?
1
Let k(z) = -z**2 + 56*z + 7. Let c be k(28). Suppose 0 = -3*w + 4*m + 588, 3*m + c = -4*w + 8*w. What is the units digit of w?
0
Let w = -81960 - -134111. What is the ten thousands digit of w?
5
Let f(a) = 2*a**3 - 12*a**2 - a + 7. Let w = 30 - 24. Let s be f(w). What is the tens digit of (47 - -2)/s + 14/(-7)?
4
Suppose 12*v - 2*u = 371180, v - 3*u = 40041 - 9098. What is the hundreds digit of v?
9
Suppose -168 + 24 = 4*o + 4*l, 0 = 5*o + l + 184. Let k = 45 + o. Let q(y) = 16*y + 9. What is the hundreds digit of q(k)?
1
Suppose 12292 = 2*j - 4*x, -3*j = -5*x - 8618 - 9817. What is the units digit of ((-4)/8)/((-6145)/j - -1)?
4
Let v = -8 - -7. Suppose 0 = 2*t - t - 6. What is the units digit of (-67)/(-3) - (v + 2/t)?
3
Let s be (-4)/(-24)*-4*-3. Suppose -s*f - 74 = -300. Suppose f + 148 = 3*o. What is the tens digit of o?
8
Suppose 2*j - 72*p + 68*p = 6772, 2*p = -3*j + 10166. What is the thousands digit of j?
3
What is the tens digit of -2130*(-4)/((-400)/(-1380))?
9
Suppose 0 = -0*u + 7*u - 3108. Suppose 0 = 54*r - 57*r + u. Suppose 3*m - 4 = c - 31, 2*m = 4*c - r. What is the units digit of c?
9
Suppose 2*j + s = 10, 4*j - 3*s - 46 = -6. Suppose -j*a + 6*a + 116 = 0. Suppose c = 10 + a. What is the units digit of c?
6
Suppose -5*s + 5*z = -40, -49*s - 31 = -53*s + 3*z. Suppose -s*a = -3*a - 1784. What is the hundreds digit of a?
4
What is the thousands digit of 155/93 - 555468/(-18)?
0
Let j(m) be the second derivative of 7*m**3/6 + 11*m**2 - 205*m - 4. Let y be (-146)/(-9) + 2/(-9). What is the hundreds digit of j(y)?
1
Let v(o) = -651*o**3 + 0 + 2 - 3*o + 2*o**2 + 666*o**3. What is the tens digit of v(2)?
2
Suppose -2*s + 12 = -m, m - 4*s + 16 = 3*m. What is the units digit of (0 + m - (-5)/1) + 244?
7
Suppose -8048891 = -185*x - 1021610 + 3034129. What is the units digit of x?
6
Let r(p) = 3*p**2 - 85*p - 201. What is the tens digit of r(57)?
0
Suppose -1372 - 40 = 4*s. Let k = s + 638. Suppose -3*x + k = -2*l, -x = -4*l + 5*l - 95. What is the tens digit of x?
9
Suppose -111*l = 17*l - 4*l - 1717152. What is the hundreds digit of l?
8
Let x(i) = i**3 + 11*i**2 - 10*i - 83. Let a be x(-11). Suppose 2*c + 41500 = a*c. What is the thousands digit of c?
1
Let m be 2/8 + 3/((-96)/(-56)). Suppose 223 = 3*r - m*r. What is the hundreds digit of r?
2
Let p be ((-2)/4)/(-2*1/20). Suppose 0 = 2*s + p*s - 1008. Suppose 0 = -s*f + 146*f - 408. What is the hundreds digit of f?
2
Suppose -7*r + 23*r - 25568 = 0. Suppose 121 = -7*p + r. What is the hundreds digit of p?
2
Let s = 4070 + -2032. Let v = s - 1155. What is the units digit of v?
3
Suppose -3*k - 7964 - 12321 = -g, -2*g + 3*k + 40576 = 0. What is the thousands digit of g?
0
Let o = 39740 - 12614. What is the tens digit of o?
2
Suppose 4*b + 2*i = 3*i + 5, 4*i + 20 = 0. Suppose -2 = -2*m + 4*t - 8, b = -2*t + 8. Let v(d) = d**3 + 3*d - 4. What is the hundreds digit of v(m)?
1
Suppose -378 + 13 = -4*s - n, 0 = -s - 3*n + 94. Let m = s - 87. Suppose 3*q - 243 = -m*p + 87, -312 = -3*q + 2*p. What is the hundreds digit of q?
1
Let b(s) = 6*s**2 + 35*s + 84. What is the thousands digit of b(18)?
2
Suppose 101*h - 17904393 = -278*h - 32*h. What is the tens digit of h?
6
Suppose 5*d - 110 = 3*m + 60, -180 = -5*d + m. Let a = d + 76. Suppose 6*r - a = 199. What is the tens digit of r?
5
Suppose 4*g + 4*g + g = 0. Let p be -4*3/(-12)*g. Suppose 9*i - 4*i - 510 = p. What is the tens digit of i?
0
Let u be (-3)/6*1/((-2)/(-36)). Let y(j) = -j**3 - 9*j**2 - 11*j - 21. What is the tens digit of y(u)?
7
Let s be (-8)/(-2)*1290/(-6 + 1). Let z = -181 - s. What is the tens digit of z?
5
Let l(c) = 20*c + 124.